units digit of a?
1
Let v be 0/(8/4 - 1). Suppose 2*t = -v*t + 316. Suppose 0 = -3*n - t + 470. What is the units digit of n?
4
Let g(n) = n**3 + 16*n**2 + 32*n + 17. Let l be g(-14). Let f = -41 - l. What is the tens digit of f/4*(0 - 148)?
7
Suppose 754*d - g = 757*d - 28117, 5*d + 2*g - 46863 = 0. What is the hundreds digit of d?
3
Suppose -39*g + 69*g = 41*g - 126280. What is the units digit of g?
0
Let v = 313 + -275. Let c = 355 - v. What is the units digit of c?
7
Suppose 31*a = 33*a - 200. Suppose -188 - a = -3*t. Suppose -196 = -4*u + t. What is the units digit of u?
3
Suppose 70 = -19*o + 15*o - 2*r, 5*o = -5*r - 100. Let s(a) = 4*a**2 + 31*a + 47. What is the hundreds digit of s(o)?
4
Let n(b) = 118*b**3 - 9*b**2 + 417*b - 3759. What is the thousands digit of n(9)?
5
Let u(q) be the first derivative of -29*q**2/2 + 7*q + 49. What is the units digit of u(-3)?
4
Let z = 6357 - -4518. What is the ten thousands digit of z?
1
Suppose -2*o - 66 = 3*a - 0*a, -o - 5*a = 40. Let j = 181 + o. What is the tens digit of (1 - j)*(-5)/((-50)/(-4))?
6
Let k be (401/2 + 0)/((-3)/(-30)). Suppose -7*q + k - 164 = 0. What is the units digit of q?
3
Let r(g) = -41*g + 45. Let n = -347 + 327. What is the units digit of r(n)?
5
Suppose 5*r = 2*z + 77363, -27707 - 18711 = -3*r + z. What is the hundreds digit of r?
4
Suppose 0 = -3*y - 3*s + 24, 16 = -y + 6*y - 3*s. Suppose y*p = -133 + 523. Let a = p + -52. What is the units digit of a?
6
Suppose 39*r - 31*r = 39912. What is the hundreds digit of r?
9
Let v = 81 + -8. Suppose 5*c + 55 = 5*l, -2*c - c = 5*l + v. Let u(f) = -21*f - 41. What is the tens digit of u(c)?
9
Suppose -c - 1428 = -18*c. What is the units digit of c/126 + 2128/3 + 0?
0
Let c(t) = -t. Let z(g) = 4. Let b = 40 + -43. Let o(s) = b*z(s) + 3*c(s). What is the units digit of o(-5)?
3
Let m(k) be the third derivative of k**6/4 - k**5/60 - k**4/3 + 7*k**3/6 + k**2 - 21*k. What is the hundreds digit of m(3)?
7
Suppose -47*r = -48*r, 3*b + 4*r = -105. What is the hundreds digit of (10/b)/((-16)/(-28))*-1898?
9
Let l(m) = -47*m - 35. Let b(z) = 94*z + 70. Let w(k) = -6*b(k) - 11*l(k). What is the hundreds digit of w(-5)?
2
Suppose -44*l = -9*l - 1015901 + 313626. What is the tens digit of l?
6
Let d(f) = f**2 + 6*f + 8. Let r be d(-4). Suppose r = -32*g + 24*g + 12920. What is the hundreds digit of g?
6
Let n = 95583 - 6688. What is the thousands digit of n?
8
Let y(a) = 6*a**2 + a. Let u be y(1). Let w be 0/((-10)/(300/65) - 2/(-12)). Suppose w = -u*f + 113 + 34. What is the tens digit of f?
2
Suppose 4*s - 12 = -4*i, -i = -4*s + 2*s - 6. Suppose 248 = i*d + 2*j, 78 = -3*d - j + 264. What is the units digit of d?
2
Suppose -164 = 3*i + i. Let r = i - -57. What is the hundreds digit of 4974/48 + 6/r?
1
Suppose -3*m + 355 = 4*a, a - 2*m + 265 = 4*a. Let l = a + -73. Let b = 74 + l. What is the units digit of b?
6
Suppose -487 = -4*s - 151. Suppose 7560 = -70*x + s*x. What is the tens digit of x?
4
Let x(y) = -55*y + 12. Let c be x(-9). Let u = c + -31. What is the hundreds digit of u?
4
Let s = -109 - -131. Suppose k = -s*k + 11270. What is the tens digit of k?
9
Let x = 3 + 2. Suppose 15 = x*q, -4*q - 1035 = -4*b - q. What is the units digit of b?
1
Let i be (121/(-22))/(3/114). Suppose s - 5*k + 4*k + 373 = 0, -s - k = 363. Let d = i - s. What is the units digit of d?
9
Suppose -6*c + 29718 = 7*c. Let o = -1318 + c. What is the hundreds digit of o?
9
Let c(h) = 2 + 4 - 2*h**2 - 76*h**3 - 4. Let l(f) = -34*f - 35. Let u be l(-1). What is the tens digit of c(u)?
7
Let y(l) = 22*l - 85. Let w be y(4). What is the tens digit of ((-9)/w - -600)*12/36?
9
Suppose 14*q - 420884 = 984828. Suppose 93*d = 37*d + q. What is the thousands digit of d?
1
Suppose -90985 = -41*p + 249766. What is the hundreds digit of p?
3
Let i(y) = 13*y + 38 - 2*y - 56*y**2 - y**3 + 41*y**2. Suppose 82 = 17*g + 354. What is the hundreds digit of i(g)?
1
Let v be (-150)/(-18) + 2/12*-2. What is the units digit of ((-406)/(-7))/(v/68)?
3
What is the hundreds digit of -1*12/66 - (-2204430)/165?
3
Let y = -361 - -365. Let m(f) = 414*f - 65. What is the hundreds digit of m(y)?
5
Let y be 3/(-18) - (-222965)/30. Suppose -3*j = 5*j - y. What is the units digit of j?
9
Suppose h - 371375 = -5*h - 19*h. What is the hundreds digit of h?
8
Let b = -63 - -65. Suppose -b*x = 4*x - 5970. What is the tens digit of 2/3 + (-2)/((-30)/x)?
6
Let k = 55505 - 25944. What is the hundreds digit of k?
5
Let w = 279 + -305. Let r(i) = 2*i**2 + 16*i + 73. What is the units digit of r(w)?
9
Suppose -g = 2*d + 3*d + 91, -6*g - 386 = -2*d. Let u = -145 + 45. Let z = g - u. What is the units digit of z?
4
Let c(t) = -t**2 + 37*t - 106. Let h(r) = -14*r**3 - r**2 + 1. Let q be h(-1). What is the tens digit of c(q)?
1
Let s(y) be the third derivative of y**6/60 + 11*y**5/20 - y**4/2 - 11*y**3 - 96*y**2 - 2. What is the tens digit of s(-16)?
8
Let g be 21/14 + -3977*3/(-2). Let w be (g/(-26))/(3/(-4)). Suppose -6*v + 1278 = -w. What is the hundreds digit of v?
2
Let k = 13372 + -7786. What is the units digit of k?
6
Let r(u) = u**3 + 8*u**2 - 3*u + 16. Let n(a) = -9*a - 7. Let d be n(-6). Suppose 0 = -45*i + d*i + 10. What is the tens digit of r(i)?
0
Let n be 1 + 0 - (1 + -2 - -11). Let q(m) = 23 - 15 - 3*m**3 - 26*m**2 - 15 - 13*m. What is the tens digit of q(n)?
9
Let s(y) = -y**2 - 7*y + 63. Let r be s(14). Let c = -191 - r. What is the tens digit of c?
4
Let p = 202 - 199. Suppose h - p = 0, -10*y - h = -11*y + 553. What is the tens digit of y?
5
Suppose -1910 = -4*u - 2*w + 1982, -4*w + 2919 = 3*u. What is the hundreds digit of u?
9
What is the thousands digit of (10631/(-7) + -1)/((-531)/126 - -4)?
7
Let j = 24145 - 14375. What is the units digit of j?
0
Let i(o) = 51*o - 90. Let p be i(3). Suppose c + 4*f - p - 10 = 0, -3 = 3*f. What is the units digit of c?
7
Let c(v) = -2*v**2 - 9*v + 18. Let i be c(-6). Suppose i = -121*f + 118*f + 327. What is the hundreds digit of f?
1
Let r be 72/30*15/6. Suppose 2*v - 18 = -3*n + r, 4*n - 34 = -3*v. Suppose -4*c + b - 7 = -278, -2*b - v = 0. What is the tens digit of c?
6
Let x = -1002 - -2382. What is the hundreds digit of x?
3
What is the thousands digit of 11502/8 + (-8)/156 + (-2436)/(-1872)?
1
Let j(p) = -64*p - 71. Suppose 22*q + 85 = 5*q. What is the hundreds digit of j(q)?
2
Let g = -43393 - -79106. What is the tens digit of g?
1
Let u be ((-20454)/(-56))/((-12)/(-400)). Suppose -7832 - u = -27*q. What is the hundreds digit of q?
7
What is the tens digit of (3815/175 - 20) + 11611/5?
2
Suppose 5*b + 2875 = 3*i, 826 + 127 = i - 3*b. Let h = i - 447. What is the tens digit of h?
1
Let j = 35569 + -19793. What is the units digit of j?
6
Let m(z) = -66594*z**3 - 2*z**2 - 8*z - 7. What is the tens digit of m(-1)?
9
What is the tens digit of 6/(-16) + 1939476/224 + 17?
7
Let a(f) = 323*f - 32. Let b(w) = -162*w + 19. Let z(p) = 6*a(p) + 10*b(p). What is the hundreds digit of z(1)?
3
What is the thousands digit of (981 + 79)*(6 + -5)*(-362)/(-5)?
6
Suppose -2*d + 5*v = -24383, 2*d + 3*v + 45 - 24436 = 0. What is the hundreds digit of d?
1
Suppose 10268 = 2*y + 4*s, -7*y + 2*s + 3*s = -35881. What is the hundreds digit of y?
1
Suppose -5*g + 3*v - 34216 = -133081, 4*g = 3*v + 79095. What is the hundreds digit of g?
7
Let y(x) = 45*x**2 - 103*x - 2895. What is the thousands digit of y(-29)?
7
Let l(t) = t + 7. Let c be l(7). Let w be 3*-4*c/(-24). Suppose -2*m - 25 = -w*m + 5*d, -5*m + d = -45. What is the units digit of m?
0
Let k = -8477 + 17347. What is the tens digit of k?
7
Let h(r) = 3*r**2 - 2*r + 20. Let d be h(26). Suppose 11*w - 2646 = d. Suppose -10*m + 658 = -w. What is the tens digit of m?
0
Let u = -180089 - -125621. What is the hundreds digit of (1*2)/(u/9081 + 6)?
0
Suppose -4*m - v + 28 = 4*v, -30 = -5*m - 5*v. Suppose 4*f - 12 = 4*d, 2*d - 3*f = -m*f - 4. Let t(a) = -98*a + 4. What is the tens digit of t(d)?
0
Suppose k = -2 + 5. Suppose 830 = -k*c + 2*b, 224 - 777 = 2*c - b. Let q = 481 + c. What is the tens digit of q?
0
Suppose 504188 + 115336 = 64*t - 661628. What is the ten thousands digit of t?
2
Let j = 2837 - 1362. Suppose -4*k + 63 = 5*t - 1408, -4*k - t = -j. What is the hundreds digit of k?
3
Let l = 24928 - 1971. What is the